{"id":106,"date":"2025-09-05T20:50:33","date_gmt":"2025-09-05T20:50:33","guid":{"rendered":"https:\/\/www.milevachs.cz\/?page_id=106"},"modified":"2025-09-05T20:50:43","modified_gmt":"2025-09-05T20:50:43","slug":"pomahame","status":"publish","type":"page","link":"https:\/\/www.milevachs.cz\/?page_id=106","title":{"rendered":"Pom\u00e1h\u00e1me"},"content":{"rendered":"\n<p>Chovatel\u00e9 pom\u00e1haj\u00ed a spolupr\u00e1ce s\u00a0\u00fatulky<\/p>\n\n\n\n<p><\/p>\n","protected":false},"excerpt":{"rendered":"<p>Chovatel\u00e9 pom\u00e1haj\u00ed a spolupr\u00e1ce s\u00a0\u00fatulky<\/p>\n","protected":false},"author":1,"featured_media":0,"parent":0,"menu_order":0,"comment_status":"closed","ping_status":"closed","template":"","meta":{"footnotes":""},"class_list":["post-106","page","type-page","status-publish","hentry"],"_links":{"self":[{"href":"https:\/\/www.milevachs.cz\/index.php?rest_route=\/wp\/v2\/pages\/106","targetHints":{"allow":["GET"]}}],"collection":[{"href":"https:\/\/www.milevachs.cz\/index.php?rest_route=\/wp\/v2\/pages"}],"about":[{"href":"https:\/\/www.milevachs.cz\/index.php?rest_route=\/wp\/v2\/types\/page"}],"author":[{"embeddable":true,"href":"https:\/\/www.milevachs.cz\/index.php?rest_route=\/wp\/v2\/users\/1"}],"replies":[{"embeddable":true,"href":"https:\/\/www.milevachs.cz\/index.php?rest_route=%2Fwp%2Fv2%2Fcomments&post=106"}],"version-history":[{"count":2,"href":"https:\/\/www.milevachs.cz\/index.php?rest_route=\/wp\/v2\/pages\/106\/revisions"}],"predecessor-version":[{"id":108,"href":"https:\/\/www.milevachs.cz\/index.php?rest_route=\/wp\/v2\/pages\/106\/revisions\/108"}],"wp:attachment":[{"href":"https:\/\/www.milevachs.cz\/index.php?rest_route=%2Fwp%2Fv2%2Fmedia&parent=106"}],"curies":[{"name":"wp","href":"https:\/\/api.w.org\/{rel}","templated":true}]}}